alse
Is 1475 a factor of 851526350?
True
Does 19 divide 3786718594?
False
Is 313 a factor of 429268232?
True
Is 2413698377 a multiple of 125?
False
Is 346054590 a multiple of 249?
False
Is 156222362 a multiple of 37?
True
Is 2281 a factor of 213907618?
True
Is 107676432 a multiple of 46?
True
Does 31 divide 162074029?
False
Is 19498991 a multiple of 283?
False
Does 1228 divide 11103479?
False
Does 1355 divide 1618571040?
False
Is 229 a factor of 33271868?
True
Is 21189207 a multiple of 141?
False
Does 6 divide 90363526?
False
Is 7912242 a multiple of 3?
True
Does 41 divide 3795202310?
True
Is 6053334 a multiple of 10?
False
Is 24 a factor of 421437207?
False
Is 35 a factor of 1679118580?
False
Is 29422446 a multiple of 6?
True
Is 12 a factor of 1993032?
True
Is 311 a factor of 40934801?
False
Is 26052712 a multiple of 2009?
True
Does 32 divide 27835680?
True
Does 6 divide 19994508?
True
Does 616 divide 2355584?
True
Is 219 a factor of 596821549?
False
Does 162 divide 2170840824?
True
Is 195159048 a multiple of 1288?
True
Is 1145987928 a multiple of 36?
True
Is 56 a factor of 217793632?
True
Does 560 divide 15129520?
True
Is 27 a factor of 3170772?
True
Does 453 divide 116273756?
False
Is 1219637 a multiple of 69?
False
Does 970 divide 4997440?
True
Does 214 divide 40631110?
True
Does 15 divide 288398656?
False
Does 12 divide 3307831980?
True
Does 5 divide 23333730?
True
Is 16633532 a multiple of 263?
False
Is 377826582 a multiple of 3155?
False
Does 395 divide 5940800?
True
Is 36331532 a multiple of 1468?
True
Does 1116 divide 15596572?
False
Is 181 a factor of 1499201502?
False
Is 2163617904 a multiple of 16?
True
Does 34 divide 6046353?
False
Is 49331716 a multiple of 10?
False
Does 21 divide 194929837?
False
Does 16 divide 2579344268?
False
Does 23 divide 8727637?
False
Does 20 divide 87950198?
False
Is 753932494 a multiple of 14?
True
Is 79 a factor of 45676892?
False
Is 474 a factor of 53910390?
True
Is 14 a factor of 174489340?
False
Is 9 a factor of 51478128?
True
Is 33 a factor of 62919153?
True
Does 5 divide 20116662?
False
Does 15 divide 55913315?
False
Is 252324965 a multiple of 615?
False
Is 19283100 a multiple of 20?
True
Does 304 divide 46002172?
False
Is 292481539 a multiple of 31?
False
Is 23 a factor of 1037650882?
False
Is 114909704 a multiple of 52?
True
Is 8 a factor of 550681045?
False
Is 38934959 a multiple of 2330?
False
Is 3756 a factor of 388338051?
False
Is 144 a factor of 301025088?
True
Is 48781438 a multiple of 137?
False
Is 52460008 a multiple of 12?
False
Is 28 a factor of 71515281?
False
Is 2599677759 a multiple of 21?
True
Is 3320 a factor of 153138079?
False
Does 368 divide 1445191200?
True
Does 16 divide 210968352?
True
Is 87430137 a multiple of 5?
False
Is 12170208 a multiple of 1324?
True
Does 83 divide 11951326?
False
Is 7 a factor of 1063408479?
True
Does 916 divide 618975759?
False
Is 36 a factor of 31336843?
False
Does 786 divide 1151830863?
False
Is 26130556 a multiple of 61?
False
Is 217967651 a multiple of 1630?
False
Is 393 a factor of 267825570?
True
Does 21 divide 151928740?
False
Does 27 divide 346729086?
True
Is 13 a factor of 10710697?
False
Does 27 divide 3249691542?
True
Does 2554 divide 78744928?
True
Is 298325783 a multiple of 3?
False
Does 644 divide 47704944?
True
Is 713890445 a multiple of 13?
False
Is 1884746143 a multiple of 2998?
False
Is 9862495 a multiple of 672?
False
Is 145 a factor of 66074470?
True
Is 11 a factor of 3697329176?
False
Does 20 divide 462619401?
False
Does 61 divide 106526130?
True
Does 1653 divide 527062356?
True
Does 19 divide 115545703?
False
Is 17 a factor of 52737079?
False
Is 7060728 a multiple of 118?
False
Does 33 divide 6923366?
False
Does 358 divide 1397914361?
False
Is 926 a factor of 2865687303?
False
Is 4128 a factor of 1232476320?
True
Does 36 divide 81793332?
True
Does 34 divide 1945606984?
False
Is 490729806 a multiple of 12?
False
Is 109 a factor of 525887255?
False
Is 1596142214 a multiple of 25?
False
Is 205178400 a multiple of 322?
True
Does 307 divide 138337682?
False
Does 86 divide 47595237?
False
Does 6 divide 30353184?
True
Is 81 a factor of 1792133019?
True
Is 326 a factor of 666609716?
False
Is 562001945 a multiple of 29?
False
Is 362 a factor of 608191511?
False
Does 13 divide 33503771?
False
Is 204100666 a multiple of 11?
True
Is 195 a factor of 90613965?
True
Is 46 a factor of 182402006?
True
Does 628 divide 54042540?
True
Is 56 a factor of 1104727848?
True
Is 219 a factor of 8726931?
True
Is 73174353 a multiple of 217?
True
Is 165465680 a multiple of 4370?
True
Is 39 a factor of 124087478?
False
Is 4487654 a multiple of 2?
True
Does 220 divide 40173540?
True
Does 8497 divide 625107296?
True
Is 8 a factor of 611134518?
False
Is 35290050 a multiple of 265?
True
Does 244 divide 243198261?
False
Is 32 a factor of 42373920?
True
Is 21 a factor of 101645062?
False
Is 69371513 a multiple of 62?
False
Is 194 a factor of 2560800?
True
Is 67360509 a multiple of 74?
False
Is 1048 a factor of 21293288?
False
Is 4 a factor of 14680180?
True
Is 36605920 a multiple of 32?
True
Is 10 a factor of 30537400?
True
Is 457 a factor of 115427232?
True
Does 16 divide 49509391?
False
Does 9 divide 6594932?
False
Is 10 a factor of 32182010?
True
Is 25 a factor of 14100150?
True
Is 380603664 a multiple of 36?
True
Is 1947 a factor of 43996359?
True
Is 7615889 a multiple of 4?
False
Does 4567 divide 127556310?
True
Is 59700330 a multiple of 177?
True
Is 4 a factor of 6266940?
True
Does 2 divide 2204296?
True
Is 205 a factor of 1647076931?
False
Does 24 divide 1636080?
True
Is 22 a factor of 39818394?
True
Is 235 a factor of 118288775?
False
Does 285 divide 257219683?
False
Is 10813428 a multiple of 18?
True
Is 30516111 a multiple of 18?
False
Is 9 a factor of 4274225982?
True
Is 2348 a factor of 59704896?
False
Is 38 a factor of 1037098018?
False
Does 2 divide 5251540?
True
Is 11 a factor of 104505753?
True
Is 1047 a factor of 926665149?
True
Is 236081376 a multiple of 856?
True
Is 21780174 a multiple of 103?
True
Is 668294280 a multiple of 45?
True
Does 560 divide 105018962?
False
Is 31797964 a multiple of 83?
True
Is 103 a factor of 9483043?
False
Does 903 divide 111674010?
True
Is 28 a factor of 12624332?
True
Does 5929 divide 1634503611?
False
Is 544 a factor of 18571094?
False
Does 4 divide 324332671?
False
Is 10133200 a multiple of 940?
True
Is 147771132 a multiple of 354?
False
Does 2530 divide 108794888?
False
Does 294 divide 19297288?
False
Does 8 divide 2334008515?
False
Is 48147261 a multiple of 317?
False
Is 956580 a multiple of 1788?
True
Is 7671950 a multiple of 110?
True
Is 23329718 a multiple of 229?
False
Does 115 divide 1082901?
False
Is 51470974 a multiple of 798?
False
Is 57462385 a multiple of 24?
False
Is 17054583 a multiple of 16?
False
Does 56 divide 23447256?
True
Is 631358101 a multiple of 53?
True
Is 1433095201 a multiple of 4731?
False
Does 4515 divide 171492506?
False
Is 12929319 a multiple of 586?
False
Does 187 divide 48049056?
False
Is 112 a factor of 1027323780?
False
Is 50 a factor of 256181306?
False
Is 3042 a factor of 684450?
True
Is 5900260839 a multiple of 1947?
True
Is 2592 a factor of 140264985?
False
Is 187554972 a multiple of 11247?
True
Is 23586541 a multiple of 6?
False
Is 904 a factor of 6401916?
False
Is 458 a factor of 455513060?
True
Does 4 divide 78737764?
True
Is 93501549 a multiple of 93?
True
Does 5957 divide 155966894?
False
Is 57447781 a multiple of 233?
True
Is 1074793302 a multiple of 638?
True
Is 539231130 a multiple of 357?
False
Is 585 a factor of 90360803?
False
Is 93 a factor of 1513826499?
False
Is 963 a factor of 23436705?
False
Does 199 divide 27553050?
False
Does 298 divide 90857220?
True
Does 7 divide 85025122?
True
Does 107 divide 51730862?
True
Does 3599 divide 3758950357?
True
Is 8 a factor of 647312749?
False
Does 897 divide 10388157?
True
Does 10 divide 672181625?
False
Is 197726938 a multiple of 5?
False
Is 12864303 a multiple of 253?
False
Does 6 divide 153621786?
True
Does 173 divide 4957749576?
True
Is 141 a factor of 932396344?
False
Is 1259 a factor of 38277377?
True
Is 2478 a factor of 4211214798?
True
Is 28814144 a multiple of 79?
True
Does 40 divide 3756579960?
True
Does 112 div